6 = v*i. Suppose i*a + 2*d - 8635 = d, -5*a = -4*d - 10799. Is a prime?
False
Let q = 3228 + 1184. Let l = q - -1067. Is l a composite number?
False
Suppose -3*g - g = -x - 13, -x = 2*g - 11. Suppose 0 = x*q - 9*q + 18. Suppose 0 = 4*m + q*w + w - 424, -2*m + 5*w = -247. Is m composite?
True
Let g(f) be the third derivative of 43*f**4/6 - 247*f**3/6 + 2*f**2 - 30*f. Is g(32) prime?
False
Let q = 181171 + -125880. Is q a prime number?
True
Let k(f) = 69*f + 7. Let y be k(4). Let m = 528 - y. Let x = m + 144. Is x a prime number?
True
Let h = 103 - 101. Let t(w) = -w**3 + 2*w**2. Let o be t(1). Is (h - o)/((3 - -1)/11812) a prime number?
True
Let w(j) = -799*j + 536*j - 414*j - 45 - 1166*j. Is w(-8) composite?
False
Let i = 4058 + -1562. Suppose -22394 + 1259 = 15*a. Let y = a + i. Is y prime?
True
Let u(o) = -o**3 + 16*o**2 - 17*o - 215. Is u(-22) composite?
True
Let w = -211 - -217. Suppose -9*a = -6*a - w, 3*a - 17320 = -2*i. Is i prime?
False
Let u(p) = 533*p + 1340. Is u(3) prime?
True
Let z(v) = -v**3 - 3*v - 1. Let p(h) = h**3 - 7*h**2 + 7*h + 7. Let j be p(6). Suppose 0*t + t - 5*i = 19, 2*t = 5*i + j. Is z(t) composite?
False
Let v(q) = 2*q + 1. Let d(l) = -5*l - 2. Let b(t) = -3*d(t) - 8*v(t). Let a be b(2). Let c = 17 - a. Is c a prime number?
False
Let d(f) = 3292*f - 511. Is d(12) prime?
True
Suppose m = 2*x - 10380, 9940 = 2*x + 2*m - 428. Suppose 0 = 10*z - 11*z + x. Suppose 11*s - z = 7*s. Is s composite?
False
Let w be (-8)/(-3)*(-3090)/20. Let k be (-5)/2*w/10. Suppose -4*b + k = -193. Is b composite?
True
Let r be 12/(-8)*29620/(-15). Is 0/(-2) + r - (-11 + 8) a prime number?
False
Let f be -254*(-206)/4 + 0. Suppose 3*u + 4996 - f = 0. Suppose 8*o = 6673 + u. Is o prime?
True
Let f be 95/38*16/10. Suppose 1 = -3*p - f*x, -2*p - 2*x - 2 = -4. Let c(r) = 552*r + 1. Is c(p) composite?
True
Suppose 39 = 3*i + 30. Is 51950/20*(i + (-26)/10) prime?
True
Let l be -3 + 5 - (-3 - -43). Let c be l*(3 + 71/2). Let m = 2250 + c. Is m a prime number?
True
Let b(z) = -4*z**2 + 0 - 8*z - 7 - z**3 - 2 + 0*z**2. Let g be b(-2). Is 17165/(-10)*2/g prime?
True
Suppose 0 = 3*v - 12, -23*n + 20*n - 2*v + 252869 = 0. Is n composite?
True
Let r(u) = -6*u**3 + 5*u**2 + 12*u + 15. Let p be r(-5). Suppose -h - 5*m = -p, h - 4*m = 225 + 578. Is h composite?
True
Let h = 48 + -46. Suppose 0 = -3*t + 5*y + 10, h*t + 0*y = y + 9. Suppose 2*c - 1577 = -2*c - u, 15 = -t*u. Is c a composite number?
True
Let o(n) = -5*n**3 - 8*n**2 - 3*n - 4. Let u be o(-2). Let g(c) = 5*c**3 + 14*c**2 + 2*c - 17. Is g(u) a composite number?
True
Suppose 59*q - 66*q + 381199 = 0. Suppose q = 3*p - 2*d, 4*p + 3*d - 28249 = 44349. Is p a composite number?
True
Let s(l) = 10155*l + 214. Is s(17) a prime number?
True
Let d(k) = 8*k**3 - 11*k**2 + 8*k - 7. Let c = -49 + 58. Let u be d(c). Suppose 0 = 4*h - 2*x - u, 5*h - 3*x = 3*h + 2513. Is h a prime number?
True
Let i be (-15)/5 - -52*(-60)/(-8). Let u = i - 268. Is u a composite number?
True
Suppose 0 = 25*i - 8*i - 68. Suppose -3*r + 5*k + 799 = 0, -667 = -3*r - i*k + 114. Is r composite?
False
Suppose 9*j + 668159 - 145169 = 0. Let k = -37233 - j. Is k a composite number?
True
Let r be (-2)/(-36)*-4 + 860/(-18). Let v = -43 - r. Suppose -v*n = -15216 + 4661. Is n a prime number?
True
Let g = -855 - -2146. Suppose 1169 + g = q. Suppose -5*u - m = -q, -u - 5*m = -320 - 196. Is u prime?
True
Let c = 67 + -37. Let l be -818*5/c*-3. Let p = l + 132. Is p a prime number?
True
Suppose 5*v = -2*n - 54, -5*v + 2*v - 3*n = 36. Is 18195/v*(-6)/9 prime?
True
Suppose -3*q + 4 = -u, 0*u + 4*u - 2 = 3*q. Suppose 3*a - 9304 = -u*n, -4*n + 9*n - a - 23243 = 0. Is n a prime number?
True
Suppose c - 3*q - 2*q + 116 = 0, -2*c - 3*q = 180. Let b = 6066 + c. Suppose 4*d - 9*d + 5*z = -5990, 5*d - z - b = 0. Is d a composite number?
False
Suppose -2*c = -t + 9, 3*c + 16 = -16*t + 20*t. Is (-4)/(-16)*-12723*c a prime number?
False
Suppose 27*v = 30*v - 27. Suppose 0 = -10*h + v*h + 27. Suppose -h*n + 561 = -24*n. Is n a composite number?
True
Suppose 131*u + 6091 - 35803 = 25177. Is u a composite number?
False
Suppose 2*g = -9*g + 6578. Suppose 1127 = 5*r + 2*h - 370, 2*r - g = -h. Let d = 612 - r. Is d composite?
False
Let z(l) be the second derivative of 106*l**3/3 - 43*l**2/2 + 45*l. Is z(10) a composite number?
True
Suppose 413 = -w - c, w - 820 = 3*w + 4*c. Let f = 6731 + w. Suppose 7*d = 706 + f. Is d a prime number?
False
Is (212630/6 - 10/(-15)) + (2 - 2) a composite number?
True
Suppose -2*t = 8, 3*t = -0*b + 5*b - 952902. Let r = b - 275688. Is (2/10)/(-2*3/r) a composite number?
False
Let w(g) = 384*g**2 - 1287*g + 72. Is w(-49) composite?
True
Let v(p) = -p**3 + 14*p**2 - p + 19. Let i be v(14). Let k(h) = -69*h**2 + 2*h - 6. Let x(n) = -70*n**2 + n - 6. Let y(q) = i*k(q) - 6*x(q). Is y(-3) composite?
True
Let d(b) = b**3 - 20*b**2 - 87*b + 24. Let i be d(25). Suppose 3*k - 5*k - 4*c = -i, -k + 484 = 3*c. Is k a prime number?
False
Let x = 45 - 41. Suppose -i + 6044 = -x*g + i, 6060 = -4*g - 2*i. Is (-6)/(-15) + g/(-5) a composite number?
True
Suppose j = 5*g + 4, 5*j - 1 = 5*g + 19. Suppose -5*v + 141 - 76 = g. Suppose v*c + 1437 = 7924. Is c a prime number?
True
Let p(c) = c**2 + 11*c - 100. Let o be p(6). Is 2 + (o - -2151 - -6) a composite number?
False
Suppose 216720 = -119*t + 123*t - 4*b, -3*t + 162541 = -2*b. Is t composite?
False
Let w(m) = 17*m + 38 - 14*m**2 + m**2 - 173 + m**3 - 13*m**2. Is w(31) a prime number?
True
Suppose -b - 593 = -2*t, -2*t = 5*b + 3*t + 2995. Let n = b + 3524. Is n prime?
True
Let k be ((-5878)/(-6) - 14/21) + 4. Suppose 2*r + 237 = k. Is r composite?
False
Let i(b) = -b + 21. Let l be i(21). Suppose -5*k - 2*q + 5*q = -357, -4*k + 2*q + 286 = l. Let d = k + 511. Is d a prime number?
False
Let a(z) = 21865*z - 518. Is a(45) composite?
False
Let i(n) = 10*n**3 + 2*n**2 + 126*n - 1811. Is i(16) prime?
False
Suppose -32 = -14*l + 16*l. Let m(o) = -319*o + 219. Is m(l) composite?
False
Let n(z) = -14*z**3 - 13*z**2 + 13*z - 19. Let f be n(-10). Let y = -23569 + f. Is y/((-5)/(-10)*-4) a prime number?
False
Suppose 57*n - 42588455 + 11202488 = 0. Is n a composite number?
False
Suppose -5*q + 1949 = 2*a, -2*q - 4*a = -0*a - 770. Suppose -4*c - 162 = 2*g, -5*c + 9*c - q = 5*g. Let i = 244 - g. Is i prime?
False
Suppose -3*i - 1655641 = -4*z, -246*z + 2069560 = -241*z - 5*i. Is z composite?
True
Suppose -2*p = 5*l - 146343 - 183225, -2*l - 4*p + 131824 = 0. Is l a prime number?
False
Let q(t) = -59*t + 33*t - 174*t - 63*t + 34*t + 23. Is q(-6) composite?
True
Is (-10337992)/(-3 + 7)*(-2 + 9/6) a composite number?
True
Suppose 3*a - 204125 = 4*s, -4*a - s = -77965 - 194246. Is a prime?
False
Is (((-223763)/(-2))/19)/(1/2) a composite number?
False
Suppose d + 0*d - 91 = 3*q, -5*d = 3*q + 67. Let c(j) = -j**3 - 4*j**2 - 6*j + 12. Is c(q) prime?
True
Let f(h) = 474202*h + 941. Is f(3) composite?
False
Let c(q) = q + 4. Let z be c(-4). Suppose z = 12*s - 10*s - 314. Is s prime?
True
Let r(a) = -8121*a - 3100. Is r(-13) prime?
False
Suppose -3*r - h - 25 = -6*h, -5*r - 49 = -h. Let q be (-10)/4 + (r/4)/(-5). Is 37*(-2)/(q/1) a composite number?
False
Suppose -182*y = -177*y + 2*j - 1684771, -5*j = 5*y - 1684780. Is y a composite number?
True
Let m = -30 + 31. Let c be (((-5)/2)/((-2)/4))/m. Suppose -5*y + 945 = c*x, -2*x + 6*x = -5*y + 760. Is x composite?
True
Suppose -575595 = -47*k + 2*k. Is k a composite number?
False
Suppose -4*z - 4*k + 69272 = 0, 2*z = 3*z - 4*k - 17333. Is z a composite number?
False
Suppose -3*z + 137*z + 6003514 = 41913504. Is z prime?
False
Suppose -y - 53*y + 8959601 = -5*y. Is y a composite number?
True
Let r = 15 - 10. Suppose 3*v - 2*m = 1841, -10*m = 5*v - 13*m - 3070. Suppose -r*f = 3*l - v, -4*f - 2*l = 2*l - 500. Is f a composite number?
True
Suppose 27*l - 30*l + 44995 = 5*u, -u - 5*l = -8999. Is u a prime number?
True
Suppose 337*v - 11393340 = -83*v. Is v a prime number?
True
Let u(w) = 3*w + 2 - 13*w - 15 - 3*w. Let c be u(-14). Let f = -42 + c. Is f prime?
True
Let x = 3359 + 1268. Suppose 1457 = 5*v + x. Let y = -195 - v. Is y a composite number?
False
Let m = -60 - -84. Suppose 0*x - 4 = -2*x, 0 = -4*r - 4*x + m. Is 4239 + (r - (-18)/(-3)) prime?
False
Let h = -110 - 